eds digit of 674371?
3
What is the hundreds digit of 871855?
8
What is the hundreds digit of 309387?
3
What is the units digit of 806902?
2
What is the hundreds digit of 10072582?
5
What is the hundred thousands digit of 4909132?
9
What is the units digit of 549844?
4
What is the ten millions digit of 20146891?
2
What is the units digit of 407205?
5
What is the tens digit of 53519?
1
What is the ten thousands digit of 967295?
6
What is the millions digit of 2915506?
2
What is the hundred thousands digit of 1067944?
0
What is the thousands digit of 1823081?
3
What is the millions digit of 4867280?
4
What is the hundreds digit of 124430?
4
What is the tens digit of 33543785?
8
What is the tens digit of 200928?
2
What is the millions digit of 1162252?
1
What is the tens digit of 1149371?
7
What is the hundreds digit of 1559851?
8
What is the thousands digit of 536660?
6
What is the thousands digit of 2229042?
9
What is the hundreds digit of 16743590?
5
What is the thousands digit of 888047?
8
What is the ten thousands digit of 6885357?
8
What is the ten thousands digit of 80207?
8
What is the ten thousands digit of 3168579?
6
What is the hundred thousands digit of 101277?
1
What is the tens digit of 413531?
3
What is the units digit of 587424?
4
What is the hundreds digit of 41202?
2
What is the millions digit of 20013091?
0
What is the thousands digit of 19650211?
0
What is the ten thousands digit of 6626337?
2
What is the ten thousands digit of 686836?
8
What is the units digit of 159108?
8
What is the hundred thousands digit of 15746840?
7
What is the hundreds digit of 81372?
3
What is the hundreds digit of 1119100?
1
What is the ten thousands digit of 7156857?
5
What is the ten thousands digit of 681571?
8
What is the hundreds digit of 3755786?
7
What is the tens digit of 2381897?
9
What is the thousands digit of 1695230?
5
What is the hundred thousands digit of 290909?
2
What is the thousands digit of 876717?
6
What is the hundreds digit of 520532?
5
What is the tens digit of 209591?
9
What is the millions digit of 4641991?
4
What is the hundreds digit of 995362?
3
What is the millions digit of 7012622?
7
What is the hundreds digit of 47654?
6
What is the tens digit of 48138?
3
What is the tens digit of 68719?
1
What is the ten thousands digit of 1741501?
4
What is the hundred thousands digit of 290560?
2
What is the ten thousands digit of 6216727?
1
What is the hundred thousands digit of 883501?
8
What is the hundreds digit of 68281?
2
What is the ten thousands digit of 5819574?
1
What is the units digit of 6543296?
6
What is the ten thousands digit of 567914?
6
What is the units digit of 1446476?
6
What is the units digit of 10012261?
1
What is the ten thousands digit of 10659842?
5
What is the hundred thousands digit of 218000?
2
What is the ten thousands digit of 308347?
0
What is the units digit of 2108597?
7
What is the units digit of 15795716?
6
What is the hundreds digit of 3263828?
8
What is the hundreds digit of 6865417?
4
What is the hundreds digit of 234781?
7
What is the hundreds digit of 13703841?
8
What is the tens digit of 15059949?
4
What is the units digit of 11812216?
6
What is the ten thousands digit of 15374304?
7
What is the hundred thousands digit of 300546?
3
What is the tens digit of 425535?
3
What is the millions digit of 13497076?
3
What is the millions digit of 2696475?
2
What is the thousands digit of 234552?
4
What is the units digit of 252367?
7
What is the hundreds digit of 690335?
3
What is the hundred thousands digit of 265401?
2
What is the millions digit of 3737079?
3
What is the hundreds digit of 1149196?
1
What is the hundreds digit of 3721623?
6
What is the hundreds digit of 529030?
0
What is the ten thousands digit of 462302?
6
What is the tens digit of 30463280?
8
What is the hundred thousands digit of 625865?
6
What is the ten thousands digit of 969448?
6
What is the units digit of 8630?
0
What is the ten millions digit of 16618875?
1
What is the ten thousands digit of 19616289?
1
What is the millions digit of 23722507?
3
What is the hundreds digit of 87373?
3
What is the ten thousands digit of 50628?
5
What is the hundreds digit of 350815?
8
What is the hundred thousands digit of 166436?
1
What is the thousands digit of 14623848?
3
What is the thousands digit of 2683?
2
What is the ten thousands digit of 3036957?
3
What is the ten thousands digit of 6534883?
3
What is the thousands digit of 212114?
2
What is the thousands digit of 9871755?
1
What is the tens digit of 897650?
5
What is the ten thousands digit of 205688?
0
What is the hundred thousands digit of 674422?
6
What is the hundred thousands digit of 15357269?
3
What is the hundreds digit of 434155?
1
What is the units digit of 10810001?
1
What is the millions digit of 21100736?
1
What is the ten thousands digit of 15248092?
4
What is the millions digit of 31928188?
1
What is the units digit of 58208?
8
What is the ten thousands digit of 112124?
1
What is the thousands digit of 1375242?
5
What is the tens digit of 2291381?
8
What is the tens digit of 84834?
3
What is the units digit of 2004942?
2
What is the millions digit of 8201367?
8
What is the thousands digit of 2151578?
1
What is the units digit of 453806?
6
What is the hundreds digit of 285101?
1
What is the units digit of 3906?
6
What is the hundred thousands digit of 951672?
9
What is the hundreds digit of 252538?
5
What is the ten thousands digit of 320540?
2
What is the ten thousands digit of 110903?
1
What is the units digit of 12831880?
0
What is the units digit of 927542?
2
What is the tens digit of 7060705?
0
What is the units digit of 7929411?
1
What is the thousands digit of 162699?
2
What is the hundreds digit of 5753187?
1
What is the units digit of 112382?
2
What is the tens digit of 966110?
1
What is the tens digit of 2639623?
2
What is the tens digit of 4705613?
1
What is the hundreds digit of 184970?
9
What is the units digit of 1001257?
7
What is the ten thousands digit of 1262809?
6
What is the hundred thousands digit of 1220744?
2
What is the units digit of 5026140?
0
What is the hundreds digit of 1316497?
4
What is the hundreds digit of 2453461?
4
What is the ten thousands digit of 511272?
1
What is the thousands digit of 411222?
1
What is the thousands digit of 236273?
6
What is the units digit of 22592043?
3
What is the hundreds digit of 3220102?
1
What is the millions digit of 4038709?
4
What is the millions digit of 15133780?
5
What is the units digit of 14260923?
3
What is the units digit of 81575?
5
What is the units digit of 1210824?
4
What is the tens digit of 133120?
2
What is the ten thousands digit of 2199913?
9
What is the units digit of 7725467?
7
What is the millions digit of 4131463?
4
What is the units digit of 159755?
5
What is the units digit of 1667298?
8
What is the units digit of 139959?
9
What is the thousands digit of 235721?
5
What is the ten millions digit of 23200348?
2
What is the millions digit of 1257375?
1
What is the ten thousands digit of 2288124?
8
What is the thousands digit of 274417?
4
What is the hundreds digit of 616085?
0
What is the millions digit of 19587051?
9
What is the ten thousands digit of 360200?
6
What is the tens digit of 3688656?
5
What is the units digit of 885332?
2
What is the units digit of 1281526?
6
What is the ten thousands digit of 3513275?
1
What is the tens digit of 76828?
2
What is the hundred thousands digit of 169148?
1
What is the tens digit of 705496?
9
What is the tens digit of 1702750?
5
What is the ten thousands digit of 254944?
5
What is the ten thousands digit of 2207992?
0
What is the ten thousands digit of 430139?
3
What is the ten thousands digit of 1432823?
3
What is the ten thousands digit of 14504556?
0
What is the millions digit of 1622481?
1
What is the ten thousands digit of 244032?
4
What is the ten thousands digit of 582474?
8
What is the thousands digit of 157961?
7
What is the millions digit of 42996859?
2
What is the ten thousands digit of 4273178?
7
What is the tens digit of 6508024?
2
What is the millions digit of 1776183?
1
What is the units digit of 2338876?
6
What is the ten thousands digit of 163332?
6
What is the tens digit of 1857755?
5
What is the tens digit of 309044?